87*g + 21. Let u = 0 + 8. Is j(u) a prime number?
False
Suppose 9*o - 477396 = -27*o. Is o composite?
True
Let a(y) = 5*y**3 + 2*y**2 - 1. Let c be a(-1). Let o be c - (4/(-1) - 3). Suppose -5*x + 5029 = -4*w, o*x - 3007 = 2*w + 3*w. Is x a composite number?
False
Let b(s) be the third derivative of s**6/60 + s**4/6 - s**3/2 + 21*s**2. Is b(4) a composite number?
True
Suppose 2*d - 4*k - 3182 = -3*k, 3178 = 2*d + k. Suppose 13*y - d = 7*y. Is y prime?
False
Is 80720/10 + -9 + 2 composite?
True
Is 126394*((-135)/(-10) + -13) a prime number?
True
Let k be (-3)/(2/4*-2). Suppose -y + 104 = k*y. Suppose 2*b - 32 = -2*d + y, 0 = d - 2*b - 44. Is d a composite number?
True
Let b(a) = 2*a**2 + 2*a**3 - a**3 + 2*a**2 + 5. Let p be b(-4). Suppose -5*h + 1128 = -2*c, p*h - c - 1127 = 2*c. Is h a prime number?
False
Let w be (-4 - (2 - -3))/(-3). Suppose 2149 = -w*k + 10*k. Is k prime?
True
Let s be 15/10*(152 - -2). Suppose s = -5*n - 4. Let t = 6 - n. Is t a prime number?
True
Suppose 4*i - 10*i = -214566. Is i a prime number?
False
Suppose 2942058 = 63*g + 35*g. Is g composite?
True
Let s be ((4 - 1) + (-8)/2)*-3. Let y(p) = -p**2 + 5*p - 2. Let a be y(4). Suppose -1672 = -a*n - m, 0 = -4*n - s*m + 4*m + 3338. Is n prime?
False
Let x(s) = s - 7. Let o be x(0). Let z be o/28 - (-14)/(-8). Is 118/(z + 1 - -3) a prime number?
True
Let d(u) = -18*u**3 + 7*u**2 - 3*u + 19. Is d(-12) prime?
False
Let z be (0 - -3)/(3/(-2)). Let h be ((-1440)/(-5))/4 + z. Suppose -3*b + 41 = 4*i, 4*b + i = 2 + h. Is b composite?
False
Suppose o - 43 + 3 = -s, -3*o + 3*s = -132. Let a be 3/12*10*(-7 - -5). Let l = a + o. Is l prime?
True
Let g(n) = 4*n - 9 + 0 - 2*n + 2. Let w be g(6). Suppose w*u - 70 = 545. Is u a composite number?
True
Suppose 22 = 4*o + 2. Suppose 0*a + o*r = -2*a + 493, 0 = 5*a + 4*r - 1258. Is a composite?
True
Suppose -2887 = -n + 2*r + 6812, 2*n = -3*r + 19370. Is n a prime number?
False
Let p = 1065 + -591. Suppose -5*r + p = -2*r. Is r a prime number?
False
Let q = -2 + 5. Let z be (3 + 0 - -163) + 0. Suppose 0 = q*f - f - z. Is f composite?
False
Let w be -6 + -3*4/(-3). Is (22 - 21)/(w/(-1774)) a prime number?
True
Suppose -10*b + 114 = 4. Is b prime?
True
Let a(w) = -1411*w**3 - 4*w**2 - 4*w + 1. Is a(-2) a prime number?
False
Is ((-17394)/(-9) - 0)/(4/6) prime?
False
Let k(r) = 10*r**2 + 5*r - 3. Suppose 5*q - 4 - 1 = 0, 3*q + 87 = 5*t. Suppose d - 4 = -2*b - t, -2*d = -4*b - 20. Is k(b) a composite number?
True
Let i = -3 - -8. Suppose 3*u + 677 = 2*p + 88, -1455 = -i*p + 4*u. Suppose -4*d = 115 - p. Is d a composite number?
False
Let w(h) = 3 + 14 + 13*h - 91*h. Is w(-12) a prime number?
True
Let z be 3*1*6/((-36)/10). Is z + 28060/55 - 4/22 a composite number?
True
Let a(x) be the first derivative of -x**3/3 + 5*x**2 + 16*x - 3. Let v be a(11). Suppose 4*z + 140 = 4*k + 984, 1055 = v*z - 3*k. Is z a prime number?
True
Let t be (-6)/(-21) - 8744/28. Let o be (-291)/(-12)*(7 - 3). Let d = o - t. Is d prime?
True
Let a be 5/15 - (-16)/(-3). Let j be a/(-40) - (-18737)/(-8). Is 21/14 - j/4 a composite number?
False
Let p be 2/4*(1 - -5). Suppose -2*t = -r - 5*t + 257, 0 = -p*r - 3*t + 765. Is r prime?
False
Suppose c - 3*w - 4 - 4 = 0, c = -w. Suppose -8*v - 10*v = -6066. Suppose 3*y - v = c*y. Is y prime?
True
Suppose 5*j - j + 1614 = 2*y, -2*j + 2453 = 3*y. Let r = 1141 - y. Is r a prime number?
False
Suppose 5*m + 5*x - 55 = 0, -2*m = -3*m - 2*x + 15. Suppose -2*r + m*r = 0. Suppose 2*g - 76 = -3*k + 23, r = 5*g - 15. Is k a prime number?
True
Let t(r) = 174*r - 22. Let v be t(14). Suppose 5*d - 3*m - v = 0, d - m - 204 = 280. Is d composite?
True
Let f(p) = p - 3. Let z be f(6). Suppose -2*y + 0*y + 935 = n, -5*y + z*n + 2332 = 0. Is y a prime number?
True
Suppose -5891 = -2*g + 3*h + 11119, -g + 3*h = -8499. Is g a prime number?
False
Suppose -147*k + 140*k = -41461. Is k a prime number?
True
Let b(o) be the first derivative of -53*o**2/2 - 13*o - 8. Is b(-4) a composite number?
False
Let x = -1316 - -1996. Let w = x - -185. Suppose 787 + w = 4*m. Is m a prime number?
False
Let u(t) = -t**3 - 10*t**2 + 13*t + 22. Let f be u(-11). Suppose f*m = -7*m + 18263. Is m prime?
True
Let a = 13 - 13. Suppose -5*g + a = 30. Is g/(-27) - 8438/(-18) a prime number?
False
Let s(n) = -n**3 + 2*n**2 - 2. Let a be s(-2). Suppose -4*l = -a - 6. Suppose 0*o + l*o - 310 = -h, 0 = -5*o - 25. Is h a composite number?
True
Let u = 2 - -1. Suppose -4*w = -5*d + 16, d + 5 + 7 = -u*w. Suppose d*s + 106 = 2*s. Is s a prime number?
True
Let z(j) = -5*j**3 + 3*j**2 - 2*j + 3. Suppose -5*k - 7 = 13. Is z(k) a composite number?
False
Let o(q) = 6*q**2 - 2*q - 4. Let w be o(-3). Let l = 366 + -399. Let f = l + w. Is f composite?
False
Suppose -c - j + 10855 = -5792, -49953 = -3*c + 3*j. Is c a prime number?
True
Let p(j) be the third derivative of j**5/30 + 11*j**4/24 + 17*j**3/6 + 5*j**2. Is p(-6) prime?
True
Suppose h - 5*c = -4 + 2, 5*c - 10 = 0. Let u be 1*7/(28/h). Suppose 0 = -0*a - u*a + 442. Is a prime?
False
Let z(x) = -2*x**2 + 6*x - 4. Let b be z(4). Let m(w) = -11*w**2 - 53*w - 30*w - w**3 + 11 + 85*w. Is m(b) composite?
False
Is ((-11671)/(-3))/(40/120) prime?
False
Let x = -370 - -637. Let j be -1*(x - 4) + 2. Let u = j + 484. Is u a prime number?
True
Is 152 + (-1 - 5/(-1)) - -5 prime?
False
Let a = -158151 + 222308. Is a prime?
True
Suppose -16*j + 2*j + 781186 = 0. Is j prime?
True
Let v be (-16)/12*3/(-2). Suppose -v*n = 2 - 6. Suppose 0 = 3*a + n - 65. Is a composite?
True
Let t(o) = 349*o**2 + 2*o + 8. Is t(-3) prime?
False
Let b = 66 + 19. Let v = b - -136. Is v composite?
True
Suppose -13*z = -23 - 16. Is 518 + (z + 1)/4 a prime number?
False
Suppose -5*h + 1075 = -0*h. Suppose 6*j - 343 = h. Is j composite?
True
Is (-26213)/(-22)*(2 + 12) prime?
False
Let p = -10 + 2. Is 555 - (-8)/p*(0 - 2) composite?
False
Suppose -27*o - 1803 = -28*o. Is o a prime number?
False
Is (-3*5/9)/(3/(-3231)) a composite number?
True
Let f be (-5119)/17 + (-6)/(-51). Let c = 6 - f. Is c prime?
True
Let x(q) = 193*q**3 + 2*q**2 + q - 2. Let w be x(1). Suppose 0 = 4*r - 2*d - 786, 0 = r + 3*d - 4*d - w. Is r a prime number?
True
Let g = -22788 + 34159. Is g prime?
False
Let q = -2752 - -6887. Is q a composite number?
True
Suppose 67706 = 32*s - 3878. Is s a prime number?
True
Suppose -16*d + 24*d = 74696. Is d a prime number?
True
Let w(y) = 29*y + 3 - 1 + 32*y. Is w(11) composite?
False
Let o = 16787 - 7806. Is o a prime number?
False
Let k(p) = 39*p**2 - 3*p + 5. Let t(c) = -116*c**2 + 8*c - 14. Let r(h) = -17*k(h) - 6*t(h). Let q be r(-4). Suppose -503 = -2*j + q. Is j a prime number?
True
Suppose 3*d + 0 = 5*s + 4, 3*d + 3*s = 12. Suppose -d*o + 841 = 4*j, -3*j + 636 = -2*o - o. Is j prime?
True
Let h(z) = 22*z**2 - 2*z - 18. Let v be h(8). Let c = v - 965. Is c prime?
True
Suppose 5*c - 2280 = -300. Suppose -c = -12*y + 8952. Is y prime?
False
Let h = -88 + 127. Is 9873/39 + (-6)/h composite?
True
Let l(q) = q**3 + 5*q**2 + 2*q. Let o be l(-4). Let y = 32 + -40. Is y/o + (214 - 2) prime?
True
Is 5 + (-111)/24 + 9557/8 prime?
False
Suppose 4*g - 23 = -111. Let b = -20 - g. Suppose 0 = u + b*u - 57. Is u a prime number?
True
Let z(i) be the first derivative of -i**4/4 - i**3/3 - 3*i - 8. Let g be -4 - ((0 - -3) + -2). Is z(g) composite?
False
Let v = -11612 - -30145. Is v composite?
True
Let y(p) be the first derivative of p**4/4 - 3*p**3 + 7*p**2/2 + 4*p + 2. Let k be y(6). Let q = k - -151. Is q a composite number?
False
Let b(h) = h**3 + 14*h**2 + 15*h + 16. Let o be b(-13). Let r = o - -1553. Is r a composite number?
False
Let m be (-4)/(-2) + 18/2. Suppose 11 = 2*v - m. Suppose v + 0 = s. Is s a composite number?
False
Suppose -87 = -i - 0. Let b = i - 235. Let x = 371 + b. Is x a prime number?
True
Let n(w) = -w + 18*w**2 - w + 5*w - 43 + 35. Is n(3) composite?
False
Suppose 5*k + 4*x = 131881, -4*k + 3*x + 12940 = -92571. Is k a composite number?
True
Let r be ((-19128)/16)/((-6)/8). Suppose -q - 4*t = q - r, 4*q - 3163 = -3*t. Is q composite?
False
Let k(q) = 2*q - 3. Let w(a) = -a**2 + 11*a - 3. Let b be w(10). Let c be k(b). Is (-5*c)/(-9 + 8) a composite number?
True
Suppose k - 3 + 0 = 0. Let t(c) = -142*c + 69*c + 24*c - 186*c - k. Is t(-2) prime?
True
